s of p.
89
Let k(f) be the first derivative of -f**4/2 + 17*f**3/3 - 11*f**2/2 + 10*f - 1. List the prime factors of k(7).
2, 5
Let j = 14 - 17. Let s be (9/15)/(j/(-15)). Suppose -s*k + 2*f + 104 = 0, -5*f = -3*k - k + 127. What are the prime factors of k?
2, 19
Suppose 0 = z + 1 - 90. Let o = z + 176. List the prime factors of o.
5, 53
What are the prime factors of -2*(0 - 125/2)?
5
Suppose 4*t = 6*t. Suppose 12 = 3*a - m - t, 2*m + 12 = 3*a. Suppose -5*o - 2*s = -85, -a*o + 7*o + 5*s - 70 = 0. What are the prime factors of o?
3, 5
Suppose 3*q - 932 = -4*n, -q - 233 = -n + 3*q. List the prime factors of n.
233
Let n = 1 + -38. Let d = n - -53. What are the prime factors of d?
2
Suppose b = -b. Suppose x + 2*r + 1 = b, -5*x - 8*r + 7 = -4*r. What are the prime factors of x?
3
Suppose -5*g = -316 - 1134. What are the prime factors of g?
2, 5, 29
List the prime factors of 48/132 - (-106360)/88.
3, 13, 31
Let n(t) = -8*t**3 + 4*t**2 + 9*t + 14. List the prime factors of n(-4).
2, 277
Suppose 4*o - 542 = -5*t + 273, 2*t - 5*o - 326 = 0. List the prime factors of t.
163
Let w = 96 + -149. Suppose 0 = 5*u - 2*q + 420, 5*u - 51 + 466 = q. Let p = w - u. What are the prime factors of p?
29
Suppose d + 2*d - 1407 = -2*a, 0 = -5*a + 5*d + 3530. What are the prime factors of (-2)/3*a/(-10)?
47
Let n = -88 + 904. List the prime factors of n.
2, 3, 17
Suppose 5*v - 190 = 40. Suppose b = 161 - v. Suppose 4*i - b = u, -4*i = i + 2*u - 160. What are the prime factors of i?
2, 3, 5
Suppose 0 = -t + 4, -4*a + 2*t + 232 = 7*t. What are the prime factors of a?
53
Let u(t) = -2 + 0 - 3*t + 3 + 4. Let g be u(-4). Let d = -7 + g. List the prime factors of d.
2, 5
Let v = -1980 + 2982. What are the prime factors of v?
2, 3, 167
Let k(n) = 990*n - 4. List the prime factors of k(1).
2, 17, 29
Let a be 186/(-8)*(-120)/45. Let f = a - 35. What are the prime factors of f?
3
Suppose 43152 = -29*r + 53*r. What are the prime factors of r?
2, 29, 31
Let u(y) = -y**2 - 8*y + 3. Let s be u(-8). Suppose -210 = -s*f - 3*l, -5*l = -5*f - 2*l + 310. What are the prime factors of f?
5, 13
Suppose -3*q + 425 = -4*o, 5*o = -2*q - 0*o + 268. Let c = q + -66. What are the prime factors of c?
73
Let v(m) = 397*m - 298. What are the prime factors of v(8)?
2, 1439
Suppose 10*r - 4492 = 2208. List the prime factors of r.
2, 5, 67
Let j = -2086 - -2845. What are the prime factors of j?
3, 11, 23
Let v(g) = 2*g**3 - 33*g**2 + g - 22. What are the prime factors of v(17)?
2, 71
Let t(o) = 761*o + 33. What are the prime factors of t(1)?
2, 397
Let x(l) = 235*l**2 + 4*l - 2. Let s be x(1). Suppose -5*u + 85 + 288 = 3*o, 2*o + u = s. What are the prime factors of o?
2, 29
Suppose -14*z = -150 - 32. What are the prime factors of z?
13
Let f = 3471 + -2446. What are the prime factors of f?
5, 41
Let a be (-44)/(-1 - 1)*(0 - -1). List the prime factors of ((-384)/66 - -6) + 2328/a.
2, 53
Let k = -348 - -642. Suppose -5*m + 6 = -14. Suppose 10 - k = -m*x. What are the prime factors of x?
71
Suppose 8*l + 2*t = 3*l + 1234, 0 = -2*l + 3*t + 486. What are the prime factors of l?
2, 3, 41
Let h = -1707 - -4230. List the prime factors of h.
3, 29
Let o be 6/(24/20) + -3. Suppose -2*z = o, -i = 4*i + 2*z - 13. What are the prime factors of i?
3
Let w be (-120)/(-16)*6/5. Suppose -47 = -w*a + 8*a. What are the prime factors of a*(3 - 6/3)?
47
Let n = -15 + 8. Let y = -7 - n. Suppose 5 + 40 = 2*b - t, y = t + 1. List the prime factors of b.
2, 11
Let b(y) = -y**2. Let a be b(-3). Let t be ((-8)/2)/(12/a). What are the prime factors of 32 - t/2*2?
29
Suppose -8*k + 912 = -0*k. Let t = k + -70. What are the prime factors of t?
2, 11
Let j(k) = k**2 - 4*k - 1. Let x be j(4). Let g be (-1*83)/((-1)/x). Let l = g + 119. List the prime factors of l.
2, 3
Suppose 3*h - 8*x - 26 = -3*x, 4*x = -16. Suppose h*p - 3*p = 3*m + 5, 2 = -2*p - 4*m. Suppose p + 3 = 2*l. What are the prime factors of l?
5
Suppose 5*m + 10 = 0, -79 = -6*k + k - 3*m. What are the prime factors of k?
17
Let l(g) be the second derivative of g**4 + g**3/3 - g**2/2 - 2*g. Suppose 0 = 5*w - 4*k + 11, 5*k - 12 = -3*w + 11. What are the prime factors of l(w)?
13
Let t(f) = f**3 - 5*f**2 + 1362. What are the prime factors of t(0)?
2, 3, 227
Suppose -r + 266 = -130. List the prime factors of r.
2, 3, 11
Let d(p) = 2*p**2 + 70*p + 183. What are the prime factors of d(-33)?
3, 17
Let x(o) = -o**2 + o + 9. Let w be x(4). List the prime factors of 2/w*9/(-4)*6.
3
Suppose -3*j + 108 = -0*j. Let w(c) = -c**3 + 8*c**2 - 4*c + 10. Let t be w(8). Let h = j + t. What are the prime factors of h?
2, 7
Suppose -4*f + 236 = -11052. List the prime factors of f.
2, 17, 83
Let x = 144 - 88. What are the prime factors of x?
2, 7
Let i(k) = -2*k + 9 - 4 - 3. Suppose -3*p - 60 = 4*o, 4*p = o + 4*o + 75. What are the prime factors of i(o)?
2
What are the prime factors of (-1*263)/((-104)/1768)?
17, 263
Let n be (0/(1/1))/(-2). Suppose -5*g = 4*r - 14, n = 5*g - g - 5*r - 3. What are the prime factors of g?
2
Suppose 0 = -2*x + 67*s - 69*s + 4390, s - 5 = 0. What are the prime factors of x?
2, 3, 5, 73
Let z(t) = -t + 1. Let m(w) = -4*w - 2 + 4 + 2. Let k(x) = m(x) - 2*z(x). List the prime factors of k(-9).
2, 5
Let c = 11 - 9. Let n(b) = 5*b + 1. Let z(p) = 5*p + 1. Let y(a) = c*n(a) - 3*z(a). List the prime factors of y(-2).
3
Suppose 2*k = -4*j + 108, -13 = -2*k + j + 95. Suppose -5*z = -3*d + 19 + 36, -2*z - 67 = -3*d. Let v = k - d. List the prime factors of v.
29
Let f(d) = d + 2. Let q(p) = -p**2 + 11*p - 16. Let v be q(7). Let b be f(v). Let j = b - -30. What are the prime factors of j?
2, 11
Let f = -3494 - -6122. List the prime factors of f.
2, 3, 73
Let d = 246 - 70. What are the prime factors of d?
2, 11
Let n(c) = 15*c - 58. Let w be n(4). Suppose 3*v + 12 = 6*v. Suppose v*x = -r + 44, r = w*r + 5*x - 43. What are the prime factors of r?
2, 3
Suppose -3*c = 8*f - 5*f - 288, -5*f = 3*c - 478. Suppose v - 3*b - 164 = 0, -v + b + f = -75. What are the prime factors of v?
173
Let n = 9 + -3. Suppose -3*f = -2*b - n - 3, 4*f - 12 = 3*b. List the prime factors of 0 - (b + -1 + -3).
2
Suppose -38 = -t - a - 0*a, 4*a = 3*t - 121. Suppose 0 = o - t - 122. List the prime factors of o.
7, 23
Let d = 1057 - 472. Let o = 879 - d. List the prime factors of o.
2, 3, 7
Let i = -965 - -3977. List the prime factors of i.
2, 3, 251
Let a(c) = -3*c - 7 + 7. Let p(x) = -2*x + 4. Let d be p(4). List the prime factors of a(d).
2, 3
Suppose 5*h - 25 = 5*z, -3*z + 6 = -2*h + 17. What are the prime factors of (z - 18/(-15)) + (-539)/(-5)?
2, 3
Suppose 16*r - 3718 = 2250. What are the prime factors of r?
373
Let y(i) = -6*i**3 + 11*i - 1 + 6 - 2*i**2 - 10*i. List the prime factors of y(-3).
2, 73
Suppose 49*m - 57*m + 5176 = 0. List the prime factors of m.
647
Suppose 4*n = 5*u - 538 + 3737, -3*n - 4*u = -2438. List the prime factors of n.
2, 13, 31
Suppose 9*k - 8640 = k. Suppose 0 = 6*m - m - k. What are the prime factors of m?
2, 3
Let w be 1564/2 + (-125)/(-25). Suppose -278 = -5*v + w. What are the prime factors of v?
3, 71
Let u(h) = 16*h + 1. Let a(k) = 3*k**2 - 1. Let g be a(1). Let y be u(g). Let q = y - 23. List the prime factors of q.
2, 5
Suppose -2*r = -6*r - 5*j + 31, j - 15 = -3*r. Suppose -r*p + 3*k + 2*k + 44 = 0, -3*p + 3*k + 36 = 0. List the prime factors of (p/10)/((-1)/(-5)).
2
Let n = 1514 + -1046. List the prime factors of n.
2, 3, 13
Suppose -5*d = -4*v - 4*d + 10161, -3*v = 5*d - 7638. What are the prime factors of v?
3, 7, 11
Let d be -4*(3/2 + -1). List the prime factors of d + 0 + (2 - -40).
2, 5
Let w = 109 + -80. Let y be 522/14 - (-2)/(-7). Let f = y - w. List the prime factors of f.
2
Let u be 528 + 3 + (3 - 5) + 2. Suppose -5*c = -u - 89. List the prime factors of c.
2, 31
Suppose 5*x - 933 = -2*m, 130 = x + m - 59. What are the prime factors of x?
5, 37
Let i = 647 - 1150. Let a = -193 - i. What are the prime factors of a?
2, 5, 31
Let j be (-3)/(-4 + 22) - 23/6. List the prime factors of (20/(-16))/5 - 393/j.
2, 7
Suppose 0 = 3*f - 0*f + 3, -3*f = -2*p + 13. Suppose p*q = -16 - 14. What are the prime factors of (q + 11)*(-6)/(-10)?
3
Suppose -3*o + 4*c + 22 = 63, -9 = 2*o + c. Let w(j) = -3*j - 13. What are the prime factors of w(o)?
2
Let i(m) = m